uppose -9*a + 91 = -557. What is the highest common divisor of a and 96?
24
Let i = -124 - -139. Let j be i*(3/(-6))/(3/(-48)). Suppose -4*r + 85 = -5*a, -3*r + 0*r = 2*a - 35. Calculate the highest common factor of r and j.
15
Let d(p) = -2*p + 34. Suppose -5*b = -24 - 61. Let q be d(b). Suppose -3*m - 3*v + q*v + 225 = 0, -m + 3*v = -95. What is the highest common factor of 5 and m?
5
Let g = -95 + 312. Let l = -209 + g. What is the greatest common divisor of l and 44?
4
Suppose 2703 = 87*k - 70*k. Calculate the greatest common divisor of k and 19239.
159
Let n be 8/14*(-1)/2 + 575976/56. Calculate the greatest common divisor of n and 187.
187
Let b be 6/(-10) + (-152)/60*-3. Suppose -b*r + 28 = -6*r. Suppose 5*l - 73 = i, 5*l - 2*i = 94 - 18. Calculate the highest common divisor of l and r.
14
Let q = -1652 - -1685. Calculate the greatest common factor of q and 3531.
33
Let u = -273 - -420. Let d(j) = j**3 - 29*j**2 + 61*j + 56. Let y be d(27). What is the greatest common divisor of y and u?
49
Let v(o) = o**2 + 5*o - 4. Let c be v(-6). Suppose -7*r + c + 5 = 0. Let b be r + -1 - (-9 - 4 - 3). Calculate the highest common factor of b and 16.
16
Let x be 264/128 + 10/(-160). What is the highest common divisor of x and 223?
1
Suppose -75*f - 3*f = -137379 - 501909. What is the greatest common divisor of 12 and f?
12
Suppose -14*j - 36171 = -55421. What is the highest common factor of 250 and j?
125
Let k(j) = -4*j - 16. Suppose 40 = -7*p + 5. Let g be k(p). Let x be -4*26*(-5 + g). What is the highest common factor of 26 and x?
26
Suppose -3*m + 8*m - 4*u - 116 = 0, -3*u = -3. Let d be ((-18)/21)/(m/(-112)). Calculate the highest common divisor of d and 64.
4
Let h = -20 - -44. Suppose -2*v = 0, r + 2*v = -45 + 192. Let y = r - 141. What is the highest common divisor of y and h?
6
Let p(x) = 3*x**3 - 64*x**2 + 85*x - 79. Let h be p(20). What is the highest common factor of 22008 and h?
21
Let u(v) = -v**3 - 9*v**2 - 12*v - 20. Let i be (1 - 3) + -3 + -3. Let k be u(i). Suppose -2 = k*x - 62. What is the greatest common divisor of x and 65?
5
Suppose 2*f - 5*y - 86 = -3*y, 105 = 3*f + 5*y. Let a(i) = 95*i**2 + 29*i - 2. Let m be a(-2). Calculate the highest common divisor of m and f.
40
Let a(f) = 5*f - 3*f - 2*f**2 + 2*f + 91*f**3 - 3*f. Let u be a(1). Let d = 4520 - 4505. Calculate the highest common divisor of d and u.
15
Suppose 12*n + 365 = 893. What is the highest common factor of n and 231?
11
Suppose 6 = 22*l + 248. Let w be (l - (-1671)/12) + 2/(-8). Calculate the greatest common divisor of 192 and w.
64
Suppose 3*s - 2*s = -1. Let c be s/(-6) + (-30)/(-36). Let m be (-3)/(-4)*(-128)/(-96). Calculate the highest common factor of c and m.
1
Let s be (-13888)/(-15) - (-30)/225. Let g = s + -884. Let b = 166 - 61. What is the highest common factor of b and g?
21
Suppose -45*g + 43*g = 0, 4*c - 51560 = 2*g. Calculate the greatest common divisor of c and 20.
10
Let j be (-30)/(-18)*(3 - 0). Suppose n = -4*p - n + 1374, -j*p = -3*n - 1690. What is the highest common factor of p and 31?
31
Let z(q) = 617*q + 9757. Let i be z(-11). Calculate the highest common factor of 2673 and i.
297
Let s = -65 - -62. Let x(f) = 3*f + 12. Let v be x(s). Let g be (-8)/24 + 31/v. Calculate the highest common factor of g and 15.
5
Let m = -13348 + 13396. Calculate the highest common divisor of 1548 and m.
12
Let z(a) be the second derivative of a**4/4 - 5*a**3 + 4*a**2 - 6*a. Let s be z(10). Suppose 0 = 2*w + w - 24. Calculate the highest common divisor of s and w.
8
Let n be 12/(-16)*-4 + (-9 - 0). Let u be n/(-3)*-1 + 53. Let m = u + -6. Calculate the highest common factor of m and 315.
45
Let f(r) = 15*r**2 + 98*r - 621. Let i be f(7). Calculate the greatest common factor of 128 and i.
32
Suppose 202 + 42 = 27*i + 34*i. Calculate the highest common factor of i and 388.
4
Let w(u) = -4*u**3 - 25*u**2 + 17*u - 6. Let i be w(-7). What is the highest common factor of i and 77?
11
Let i(a) = 2*a**2 + 58*a + 60. Let y be i(-29). Suppose -68*v + y*v + 1088 = 0. Calculate the greatest common divisor of 102 and v.
34
Suppose -34*j - 3821 = -37*j - s, 2*j - 2546 = -2*s. What is the greatest common divisor of j and 686?
98
Let o = 11 - 6. Suppose v - 29 = 5*a - 4*a, 0 = -3*v + o*a + 89. Suppose -5*y = z - 132, 5*z + 1067 - 999 = y. What is the greatest common factor of y and v?
28
Suppose -l + 0 + 14 = 0. Let c(h) = 21*h**2 - 8*h + 2. Let g be c(3). Let n = g + -165. Calculate the highest common factor of l and n.
2
Let o = -169 + 634. Suppose 201*d = -3*d + 12240. What is the highest common factor of d and o?
15
Let l(y) = -7*y - 3. Let g be l(-1). Suppose -4*n = g*i - 36, n + i + 3*i = 12. Calculate the greatest common divisor of n and 64.
8
Let u = 36 - 31. Suppose 3*b + 52 = j, j - 19 = b - u. Let t = b - -44. What is the greatest common factor of t and 50?
25
Let u(n) = 7*n**2 - 31*n - 12. Let i(j) = -16*j**2 + 61*j + 25. Let d(x) = -6*i(x) - 13*u(x). Let r be d(-9). What is the highest common divisor of 26 and r?
26
Suppose 0 = 3*u - 2*y - 1366, 4*u - 459 = 3*u - 3*y. Calculate the highest common divisor of u and 2793.
57
Let z = 923 + -587. Suppose 0 = 4*g + 5*j - z, 252 = g + 2*g - 3*j. Let b be -9*(10/15 - 2). What is the greatest common divisor of g and b?
12
Let i(j) = 30*j + 2. Let a be i(0). Let h be (4 - 367/(-4)*2)*a. What is the greatest common divisor of 15 and h?
15
Suppose -4*v = 4*b - 192, 5*v - 3*v + 3*b - 99 = 0. Let g be 30/v + 435/9. Calculate the highest common divisor of 98 and g.
49
Suppose 5 = 4*b - 3*z, 0*z = 4*b - 4*z. Suppose -2*a - 3*f + 30 = 0, -8*a - 3*f + 48 = -b*a. Calculate the greatest common factor of 36 and a.
18
Suppose -27*d + 1234 = -1898. Suppose -d*u + 123*u = 1512. What is the greatest common factor of u and 12?
12
Let x(l) = 15*l**2 - 303*l + 64. Let w be x(20). Let u = 1 - -4. Suppose -z + u = 4. Calculate the greatest common factor of z and w.
1
Let k = -347 - -403. Suppose -44*j + 219 = -133. What is the greatest common divisor of j and k?
8
Let v be 6875/35 - (-11 - 400/(-35)). What is the greatest common factor of 154 and v?
14
Suppose -36699 = -5*r + 2*y, 0 = 20*r - 18*r + 2*y - 14660. What is the greatest common divisor of 116 and r?
29
Suppose -14*t = -19*t + 575. Let l = -38 + t. What is the greatest common divisor of l and 616?
77
Suppose 0 = -2*i - 11*p + 6*p + 43954, 2*i - 44038 = 16*p. What is the greatest common factor of 21 and i?
21
Suppose 34 = i - 2*v, 6*i = 10*i - 2*v - 94. What is the highest common factor of 3670 and i?
10
Let o be (-295 - -18)/((-2)/(-2)). Let s = -109 - o. Let i = 67 - 43. Calculate the greatest common divisor of i and s.
24
Suppose 3*s = -s + 20, c - s = 22. Let p = -214376 + 215105. What is the highest common divisor of p and c?
27
Let a(u) = 2*u**2 - 21*u + 52. Let f be a(12). Suppose -40 = -7*b + 16. Calculate the greatest common factor of f and b.
8
Let i be (726/(-270) - 9/81)/((-2)/450). What is the highest common divisor of 700 and i?
70
Let p be ((-270)/(-25) - -4)/((-2)/(-35)). Let j = 310 - p. What is the highest common factor of j and 34?
17
Let d be (-11 + (-5 - -14))*-22. What is the greatest common factor of 36 and d?
4
Suppose 0 = 5*n - 72 + 62. Suppose -1980 = -14*r + n*r. What is the greatest common divisor of r and 132?
33
Let w(h) = 17*h**2 + 311*h - 2564. Let t be w(8). Calculate the greatest common divisor of 69 and t.
23
Let r be (2 - 194/18) + 24/(-108). Let d be (-2)/r + 610/90. Suppose -4 = -4*w - 3*z + 1, 3*z = -5*w + d. Calculate the greatest common divisor of 3 and w.
1
Suppose 348 = 75*k - 71*k + 4*p, 5*k + 4*p = 434. Calculate the highest common divisor of 1978 and k.
86
Suppose 3*r - 3*k = 144, -5*k + 50 - 192 = -3*r. Suppose -r*h + 48*h = -7. Calculate the greatest common factor of h and 3.
1
Suppose -12 = -2*k - r, -r - 3 = -5*k + 13. Suppose -c = p - k - 63, -265 = -4*c - p. Let g = 1968 + -1924. Calculate the highest common factor of g and c.
22
Suppose -2*t - 727 = -4*y + 739, 3*y = -5*t + 1132. Let i(g) = g**3 + 85*g**2 + 85*g + 125. Let j be i(-84). Calculate the highest common divisor of j and y.
41
Suppose 0 = 2062*u - 2050*u - 15312. What is the highest common divisor of u and 2204?
116
Let t = 77057 - 77025. Let w = -71 + 119. Suppose